)) + 2.
2
Calculate -3 + -7 - ((-1 - -1) + -7).
-3
What is the value of -7 - 1 - 0 - -21?
13
7 - 11 - (6 - ((2 - -1) + 0))
-7
-1 - 16 - 2 - (-1 - 5)
-13
What is (-135 - -115) + 3 + -2?
-19
Evaluate 6 - (-13 + 32 - 23).
10
5 + (-13 - 8) + (3 - (-5 + 0))
-8
What is the value of 2 + -10 - (-21 + 35 + -26)?
4
What is the value of 53 + -36 + -18 - (0 + -11)?
10
Evaluate 19 + -63 + 6 - (-10 + 1).
-29
Evaluate -17 - (-18 + 22) - -4.
-17
Calculate (5 - (-9 - -11)) + -3 + -8.
-8
Evaluate -21 - 1 - (768 - 766).
-24
Evaluate 4 + (-1 - 16) - (-17 - -1).
3
What is the value of 0 + 10 + (333 - 356) + 5?
-8
Calculate 34 + -20 - -20 - 23.
11
What is the value of 11 + 0 - 11 - (-5 + 4)?
1
What is -39 + 36 - (-4 - 6)?
7
What is the value of 12 + (-19 - -19) + 22?
34
7 + (-47 - -48 - (2 + -1))
7
Calculate -2 + 4 + -1 + -2 - (-1 - 6).
6
What is the value of 19 + (32 - 15) + -14 - 13?
9
What is 17 + 11 + 12 + -39?
1
Evaluate -13 - (-6 + -9 + 9).
-7
Evaluate -2 + 1 + 5 + -2 + -5 - 6.
-9
What is the value of 3 + -1 + (3 - (-1 + 0 + 6))?
0
Calculate -10 + 45 + (62 - 70).
27
Evaluate (7 - 2) + -48 + (7 - -5).
-31
Calculate 19 + (2 - (25 + -8)) - -7.
11
Calculate -3 + 5 + 1 + -2 + -2 + 11.
10
Calculate 22 - 35 - 2 - 10.
-25
Evaluate 20 + -9 + 7 + (-10 - -3).
11
What is the value of -1 + -7 + (50 - 43)?
-1
What is -12 + 7 + 12 + 0 + -4?
3
5 + (-5 - 13) + 16 + 0 + -1
2
Evaluate -38 - (-46 - (-5 - -27)).
30
(-36 - -44) + -8 + (1 + 2 - -1)
4
What is (5 - 1 - 6 - -1) + (-16 - -26)?
9
What is the value of (14 + -17 - -12) + -2 + (23 - 3)?
27
19 + -17 + -14 + (-3 - -6 - -3)
-6
Calculate (-3 - (5 - -1)) + 3 + -4 + -2.
-12
What is 3 + (-5 - 3) - (0 + -9)?
4
(7 + 4 - -6) + -15
2
16 + (-4 - (-5 - -3)) + 2 + -4
12
6 + 11 + -3 + -24
-10
What is 4 + -5 + (0 - -2 - (-3 - 1))?
5
(2 + -4 - -2) + -5 + 9 + -9
-5
What is -2 + -364 + 372 + 2 + 0 + -3?
5
-25 - ((42 - 19) + -17)
-31
What is the value of -183 + 197 - (5 - 0)?
9
What is the value of 10 - (-1 - (-25 + 13 + -3))?
-4
Evaluate (0 - (0 - 3)) + (-20 - -15).
-2
What is -4 - (-9 + 18 - 21)?
8
What is -65 - -68 - (1 - 1 - -15)?
-12
What is the value of -31 + 16 - (-7 + -6 + 0 + 20)?
-22
17 + -31 + (44 - 18)
12
-37 + 40 - ((-8 - -5) + -2 + -1)
9
Evaluate -39 + 2 - (-44 - (-28 + -2)).
-23
Evaluate 18 + (22 - 24) - 6.
10
What is the value of (0 - -22) + (2 - 12) + -8?
4
-10 + (-12 + 28 - (-10 - -11))
5
What is the value of -4 + 1 + 11 + -6 + -10 + -17?
-25
Evaluate 50 + (2 - 9 - 33).
10
Evaluate -111 - -111 - (2 - (2 - 2) - 19).
17
What is the value of -27 + 15 - (-18 - 3) - -3?
12
3 + 2 + 12 + -8
9
11 - (-9 + 0 + (-26 - -26) + 51)
-31
Evaluate -19 + 6 + 11 - -8.
6
Calculate 5 + -3 - -3 - (11 - 27).
21
What is the value of 11 + -8 + -2 + -2?
-1
Evaluate (0 - -4) + (28 - 24).
8
Evaluate (-96 - -88) + 1 + -10.
-17
77 - 62 - (2 - -14)
-1
Evaluate 2 + -4 + 2 + 1 - (-5 + 2).
4
What is 8 + (-33 - (-9 + 2) - (-3 + 3))?
-18
What is the value of (-52 - -46) + (1 - 0) - (-1 + 4)?
-8
Evaluate 6 - (11 + 0 + 1 + 16).
-22
What is the value of 243 - 233 - (-1 + -2 + 22) - -30?
21
-13 - (-6 + 9 + (5 - (1 - -2)))
-18
Evaluate 11 - (-11 - (9 - (5 + (9 - 4)))).
21
What is -2 - (5 + -18) - (-2 + (0 - 2))?
15
Calculate 300 + -265 + -5 + 3 + -3.
30
What is -5 - ((12 - 3) + -10) - (-17 - -2)?
11
(-8 - (-15 - -1) - 4) + (15 - 3)
14
Calculate (4 - (-5 - -9)) + (-4 - 1).
-5
What is the value of 0 + 3 + -18 + (88 - 80) - 1?
-8
-13 + 21 + -15 - -7
0
What is -36 - (-1 + -1 - (41 - 29))?
-22
What is (-7 - -16) + (6 - 1) + -14?
0
Evaluate -20 - -55 - (40 - 7).
2
(6 + 1 + -6 - -3) + -43 - -9
-30
What is 52 + -34 - (5 + (4 - 0))?
9
-2 - (-4 + 5) - (1 - 0)
-4
10 + 3 + -4 - (18 - 4)
-5
What is -1 + -8 + (23 - 19)?
-5
What is the value of 4 + (2 - 5 - (-7 - 0))?
8
Calculate -1 - 5 - ((7 - (15 - 15)) + -16).
3
What is -19 - (-8 - (-3 + 18))?
4
Calculate -35 - ((-33 - 1) + 28).
-29
What is (2 - 12) + (-13 - -12) - -21?
10
Calculate (-14 - -30) + (-18 - -1).
-1
What is the value of -36 + (39 - 25 - -8)?
-14
What is (2 + -1 - 10) + (7 + -50 - -36)?
-16
What is -30 - (-20 - -4) - 2?
-16
What is the value of (-28 + -7 - -18) + (0 - -4)?
-13
What is the value of 16 + -12 + (4 - -3)?
11
Calculate -1 - 11 - (44 + (-30 - 7)).
-19
-54 - ((-70 - -60) + (-10 - 0))
-34
Evaluate 5 - (30 - (-4 + 32)).
3
What is -16 + 13 - (-2 + 19 - 6)?
-14
Evaluate 2 - (-9 - (-33 + 17)).
-5
What is the value of (-20 - -10) + 33 - 21?
2
Evaluate 2 + 1 + 17 + (52 - 49) + 2.
25
Evaluate -13 - ((24 - 23) + -18 + 1).
3
Calculate 11 - (7 + -18 - -3).
19
What is the value of 5 + 2 + (26 - 34)?
-1
What is -4 + (17 - 18 - -32)?
27
Calculate (6 + 5 + -3 - -5) + (3 - -1).
17
What is 4 + (-2 - -10) + -27?
-15
Evaluate -1 + 6 + (1 + -9 - (-26 + 20)).
3
Calculate (-18 - -2 - -1) + (2843 - 2847).
-19
What is the value of 0 - 3 - (2 - (2 + -1) - -3)?
-7
Calculate 1 + -12 + (-2 - -9 - -6).
2
(1 - 30) + 48 + -11
8
What is the value of 18 + -35 + -9 + 29?
3
What is 2 + 26 - (-89 + 105)?
12
What is -8 - (-40 - (21 + -31))?
22
What is -1807 + 1805 + -2 + 2 + -5 + -2?
-9
-16 + (-20 - -3 - -39)
6
(2 - (10 + -5)) + (1 + -3 - -1)
-4
What is the value of -337 - -331 - (-24 + 0 + (-1 - -1))?
18
What is -3 + (-3 - (-12 - -4))?
2
-6 + -3 + 16 - (-6 + 1)
12
Calculate -5 + -10 + 4 + 6 - 2.
-7
What is the value of -1 - -4 - (0 + 3) - (75 - 87)?
12
What is the value of 61 - 99 - (-4 + -3 - (-1 + 2))?
-30
Calculate -6 + (-1 - 5 - (-9 + 8 - 8)).
-3
What is the value of -1 - (37 - 12 - 21 - (0 + -2))?
-7
Evaluate -11 - (-20 - -12 - -6).
-9
Evaluate 3 + (-3 - 5) - (-50 + 16 + -4).
33
What is (4 - (-12 - -11) - (-5 - -7)) + -34?
-31
What is the value of 5 + (-3 - (2 + 20) - (109 + -113))?
-16
Calculate 2 - -16 - (7 + (-14 - -15)).
10
What is -6 + (1 - -8 - 4) + -3 + 2?
-2
(-31 - (7 + -49)) + (-6 - -1)
6
What is the value of (4 - 20 - (98 - 96)) + -8 + -3?
-29
What is -7 + 1 - (-4 - -2 - 11)?
7
Evaluate 31 + -1 + (69 + -37 - 44).
18
Calculate (-8 - -4 - -1 - -8) + 8 + -5.
8
Calculate 3 + -7 + 43 + -7 + (-5 - -6).
33
What is the value of 1 - -1 - (-119 - -122) - 8?
-9
-13 + 6 + (30 - 21)
2
What is the value of 7 - (-12 - 2 - -10) - 3?
8
Evaluate 21 + -34 + -21 + 12.
-22
Evaluate (-36 - -29) + (3 - 8) - -3.
-9
What is the value of (0 + -1 - 16) + 352 + -373?
-38
Calculate (5 - (-4 - -24)) + 2 + 16.
3
-19 - (5 - (10 + (12 - 9)))
-11
Evaluate 16 - (-20 + (11 - -44)).
-19
What is the value of -20 + (-6 - (27 + -35))?
-18
Evaluate -6 + -3 + 14 + (20 - 7).
18
-4 + (1 - 8 - (3 + -7)) - -18
11
What is (-4 + 15 - 12) + (3 + -1 - -7)?
8
What is (-12 - -9) + 0 + -4 - (-7 - 9)?
9
What is -17 + -12 + 21 + 15?
7
Calculate 9 + (-9 - (12 + -9 + -13) - 12).
-2
Calculate 6 - (-5 - 3 - 0 - (-1 - 4)).
9
(-3 - (-16 + (18 - 1))) + 1 + -1
-4
What is the value of -17 + (11 - -40) + -41?
-7
What is the value of (10 - (24 + -16 - 4)) + -6?
0
Calculate -23 + (10 + -8 - -5) + -1.
-17
(18 - 2) + -2 + 6 - 0 - 5
15
Evaluate -7 - (3 + -4) - (3 - (13 - -4)).
8
(0 - 3) + 159 + -168
-12
What is the value of (-2 - 6) + (-5 - (9 - 10))?
-12
Evaluate -6 - (3 + 14 - 18).
-5
What is -13 + (-10 - 7 - -18 - 0)?
-12
What is -13 + (41 - 35) + (-1 - -12)?
4
Evaluate -24 - (-3 + -19 + 14).
-16
Evaluate 1 - ((20 - 1) + (-11 - -2) + -4).
-5
Evaluate 0 - (-2 - (-9 + 3)) - (-2 + -4).
2
What is (-2 - (-14 - 2 - 7)) + (4 - 0)?
25
0 + 5 + (0 - 1)
4
1 - 1 - ((46 - 12) + -64)
30
What is 27 - (-16 - (74 - 80 - (-1 - -6)))?
32
What is (12 - (-7 - -14)) + -6 + 8 - 13?
-6
Calculate 0 + (-12 - (12 + -16)) + 7.
-1
What is the value of 5 + 48 + -72 + -17 + 0?
-36
What is -21 - 0 - (13 + 10 + -17 + -8)?
-19
What is the value of -1664 + 1652 + -2 + (-1 - 4)?
-19
Calculate -6 - -12 - (106 + -110).
10
What is 20 + (1 - (-2 - -5))?
18
What is 7 - (-8 - -28) - 0?
-13
What is the value of 1 - (19 + -11 - 3)?
-4
Evaluate (-6 - -1) + 2 + (-1 - -10 - 3).
3
What is 32 - (45 + 31) - -64?
20
What is (23 - (-11 + 34)) + -11 + 0?
-11
What is the value of 1 - (-5 + 0 + (11 - 5))?
0
Calculate 10 - (12 + -1) - (8 - 3).
-6
What is the value of 3 + (13 + -14 - (-1 - (-20 - -4)))?
-13
What is (-3 - -12) + (0 + 6 - (-4 + 9))?
10
(4 + (4 - 4) - -2) + (-3 - -6)
9
What is (-44 - -70) + 0 + -17?
9
Evaluate -8 - (-4 - (2 + -3) - (-1 - 7)).
-13
What is (89 - 35) + -36 - (-8 - 2)?
28
Evaluate (-22 - -2) + 47 + 76 + -103.
0
Calcu